{"id":12,"date":"2020-06-16T17:19:53","date_gmt":"2020-06-16T17:19:53","guid":{"rendered":"http:\/\/sabine-zetzmann.de\/?page_id=12"},"modified":"2020-07-10T07:12:53","modified_gmt":"2020-07-10T07:12:53","slug":"vita","status":"publish","type":"page","link":"https:\/\/sabine-zetzmann.de\/?page_id=12","title":{"rendered":"Vita"},"content":{"rendered":"\n<h2 class=\"wp-block-heading\">Sabine Zetzmann-Cro\u00e9<\/h2>\n\n\n\n<h4 class=\"wp-block-heading\">Acryl, \u00d6l, Aquarell, Collagen und kleine Tonplastiken<\/h4>\n\n\n\n<p>ich wurde 1947 in Osnabr\u00fcck in eine K\u00fcnstlerfamilie geboren. Mein Gro\u00dfvater war Architekt und Bildhauer, mein Onkel ein bekannter Graphiker und Plakatmaler. Mein Vater war Stuckateur und meine beiden Schwestern sind in Norddeutschland anerkannte K\u00fcnstlerinnen.<\/p>\n\n\n\n<p>Ich studierte schon fr\u00fch in der Malklasse meines Onkels Hans Gl\u00f6ckner und setzte die Studien sp\u00e4ter in S\u00fcddeutschland bei verschiedenen Dozenten wie den K\u00fcnstlern Jan Welker, Sybille Bross, Alex B\u00e4r, Matthias Ruf, Peter Feichter in Atelierarbeit und in der Kunstakademie Esslingen bei Prof. Loos fort. Weiterhin entstanden Arbeitsstudien in Landschaftsmalerei bei dem Allg\u00e4uer K\u00fcnstler Kilian Lipp und in \u00d6sterreich und der Toskana. Meine Arbeiten entstehen in \u00d6l, Acryl, Eitempera oder in Mischtechnik.<\/p>\n\n\n\n<p>Ich f\u00f6rdere meine Studien durch intensive Besuche von Ausstellungen im ganzen Bundesgebiet und im n\u00e4heren Ausland.<\/p>\n\n\n\n<p>Mein malerischer Schwerpunkt liegt in der Formgebung des Menschen. Meine zahlreichen Arbeitsstudien in Akt-und Portraitmalerei kommen&nbsp; mir dabei zugute. Einen Akzent setze ich jedoch auch in Collagen und kleinen Tonplastiken.<\/p>\n\n\n\n<p>Eine st\u00e4ndige Ausstellung meiner Werke ist in meinem Atelier ART &amp; Weise, B\u00fcscherheider Ring 23 in Bad Essen zu sehen.<\/p>\n\n\n\n<p>Ich bin Mitglied im Stuttgarter K\u00fcnstlerbund und im Verein der Kunstfreunde in Bad Zwischenahn. F\u00fcr diesen Verein organisierte ich die ZwischenART und die wechselnden Ausstellungen im Galerieb\u00fcro bis zu meinem Umzug nach Bad Essen.<\/p>\n\n\n\n<p>Meine Bilder h\u00e4ngen im In- und Ausland<\/p>\n\n\n\n<p>Mit freundlichen Gr\u00fc\u00dfen<\/p>\n\n\n\n<p>Sabine Zetzmann-Cro\u00e9<\/p>\n\n\n\n<p>Atelier ART &amp; Weise<\/p>\n\n\n\n<p><\/p>\n","protected":false},"excerpt":{"rendered":"<p>Sabine Zetzmann-Cro\u00e9 Acryl, \u00d6l, Aquarell, Collagen und kleine Tonplastiken ich wurde 1947 in Osnabr\u00fcck in eine K\u00fcnstlerfamilie geboren. Mein Gro\u00dfvater war Architekt und Bildhauer, mein Onkel ein bekannter Graphiker und Plakatmaler. Mein Vater war Stuckateur und meine beiden Schwestern sind in Norddeutschland anerkannte K\u00fcnstlerinnen. Ich studierte schon fr\u00fch in der Malklasse meines Onkels Hans Gl\u00f6ckner &hellip; <\/p>\n<p class=\"link-more\"><a href=\"https:\/\/sabine-zetzmann.de\/?page_id=12\" class=\"more-link\"><span class=\"screen-reader-text\">\u201eVita\u201c <\/span>weiterlesen<\/a><\/p>\n","protected":false},"author":1,"featured_media":24,"parent":9,"menu_order":50,"comment_status":"closed","ping_status":"closed","template":"","meta":{"footnotes":""},"class_list":["post-12","page","type-page","status-publish","has-post-thumbnail","hentry"],"_links":{"self":[{"href":"https:\/\/sabine-zetzmann.de\/index.php?rest_route=\/wp\/v2\/pages\/12","targetHints":{"allow":["GET"]}}],"collection":[{"href":"https:\/\/sabine-zetzmann.de\/index.php?rest_route=\/wp\/v2\/pages"}],"about":[{"href":"https:\/\/sabine-zetzmann.de\/index.php?rest_route=\/wp\/v2\/types\/page"}],"author":[{"embeddable":true,"href":"https:\/\/sabine-zetzmann.de\/index.php?rest_route=\/wp\/v2\/users\/1"}],"replies":[{"embeddable":true,"href":"https:\/\/sabine-zetzmann.de\/index.php?rest_route=%2Fwp%2Fv2%2Fcomments&post=12"}],"version-history":[{"count":3,"href":"https:\/\/sabine-zetzmann.de\/index.php?rest_route=\/wp\/v2\/pages\/12\/revisions"}],"predecessor-version":[{"id":22,"href":"https:\/\/sabine-zetzmann.de\/index.php?rest_route=\/wp\/v2\/pages\/12\/revisions\/22"}],"up":[{"embeddable":true,"href":"https:\/\/sabine-zetzmann.de\/index.php?rest_route=\/wp\/v2\/pages\/9"}],"wp:featuredmedia":[{"embeddable":true,"href":"https:\/\/sabine-zetzmann.de\/index.php?rest_route=\/wp\/v2\/media\/24"}],"wp:attachment":[{"href":"https:\/\/sabine-zetzmann.de\/index.php?rest_route=%2Fwp%2Fv2%2Fmedia&parent=12"}],"curies":[{"name":"wp","href":"https:\/\/api.w.org\/{rel}","templated":true}]}}

<h2 class="wp-block-heading">Sabine Zetzmann-Croé</h2>



<h4 class="wp-block-heading">Acryl, Öl, Aquarell, Collagen und kleine Tonplastiken</h4>



<p>ich wurde 1947 in Osnabrück in eine Künstlerfamilie geboren. Mein Großvater war Architekt und Bildhauer, mein Onkel ein bekannter Graphiker und Plakatmaler. Mein Vater war Stuckateur und meine beiden Schwestern sind in Norddeutschland anerkannte Künstlerinnen.</p>



<p>Ich studierte schon früh in der Malklasse meines Onkels Hans Glöckner und setzte die Studien später in Süddeutschland bei verschiedenen Dozenten wie den Künstlern Jan Welker, Sybille Bross, Alex Bär, Matthias Ruf, Peter Feichter in Atelierarbeit und in der Kunstakademie Esslingen bei Prof. Loos fort. Weiterhin entstanden Arbeitsstudien in Landschaftsmalerei bei dem Allgäuer Künstler Kilian Lipp und in Österreich und der Toskana. Meine Arbeiten entstehen in Öl, Acryl, Eitempera oder in Mischtechnik.</p>



<p>Ich fördere meine Studien durch intensive Besuche von Ausstellungen im ganzen Bundesgebiet und im näheren Ausland.</p>



<p>Mein malerischer Schwerpunkt liegt in der Formgebung des Menschen. Meine zahlreichen Arbeitsstudien in Akt-und Portraitmalerei kommen&nbsp; mir dabei zugute. Einen Akzent setze ich jedoch auch in Collagen und kleinen Tonplastiken.</p>



<p>Eine ständige Ausstellung meiner Werke ist in meinem Atelier ART &amp; Weise, Büscherheider Ring 23 in Bad Essen zu sehen.</p>



<p>Ich bin Mitglied im Stuttgarter Künstlerbund und im Verein der Kunstfreunde in Bad Zwischenahn. Für diesen Verein organisierte ich die ZwischenART und die wechselnden Ausstellungen im Galeriebüro bis zu meinem Umzug nach Bad Essen.</p>



<p>Meine Bilder hängen im In- und Ausland</p>



<p>Mit freundlichen Grüßen</p>



<p>Sabine Zetzmann-Croé</p>



<p>Atelier ART &amp; Weise</p>



<p></p>

<p>Sabine Zetzmann-Croé Acryl, Öl, Aquarell, Collagen und kleine Tonplastiken ich wurde 1947 in Osnabrück in eine Künstlerfamilie geboren. Mein Großvater war Architekt und Bildhauer, mein Onkel ein bekannter Graphiker und Plakatmaler. Mein Vater war Stuckateur und meine beiden Schwestern sind in Norddeutschland anerkannte Künstlerinnen. Ich studierte schon früh in der Malklasse meines Onkels Hans Glöckner &hellip; </p>
<p class="link-more"><a href="https://sabine-zetzmann.de/?page_id=12" class="more-link"><span class="screen-reader-text">„Vita“ </span>weiterlesen</a></p>
